= o + h. Calculate the highest common factor of 117 and m.
13
Suppose 12*f = 9*f + 15. Calculate the highest common factor of f and 15.
5
Let v = -48 + 73. Let m = 98 - 88. Calculate the greatest common divisor of v and m.
5
Let p(c) = 2*c - 2. Let s be p(2). Suppose -f - t = -21, -s*f = f - 2*t - 63. Calculate the greatest common factor of f and 7.
7
Suppose 0 = -3*t - 2*t + 20. Suppose -b - 2 = 5*n, t*n - b = 3*b + 8. Let d be (33/(-3 - n))/(-1). Calculate the highest common factor of d and 11.
11
Suppose -g - 21 = -j, 0*j - 39 = -3*j - 3*g. Calculate the highest common divisor of 153 and j.
17
Suppose -5*o + 8*o = 132. Calculate the highest common divisor of 110 and o.
22
Suppose -j + 2*p = -2 - 11, 4*p = -8. Let i = 17 - j. What is the greatest common factor of 64 and i?
8
Suppose i + a - 43 = -2*a, -a = -1. What is the highest common factor of 8 and i?
8
Suppose 3*y + 0*y + 5*o + 4 = 0, -4*y + 16 = -4*o. Suppose y = -p - 1. Let v = 0 - p. Calculate the highest common divisor of 9 and v.
3
Suppose -3*y - 107 = -4*c, -146 = 4*y - 0*c - 2*c. Let x = y + 53. Calculate the highest common divisor of x and 112.
16
Let l be (6/15*-4)/(4/(-10)). Let x(k) = -k**2 + 4*k + 1. Let t be x(3). What is the greatest common factor of l and t?
4
Suppose 28*t - 26*t - 12 = 0. Calculate the highest common divisor of 6 and t.
6
Suppose -2*p + 37 = -47. Let c be 3*-1 - (-3 - 19). Let q = c + -13. What is the highest common factor of q and p?
6
Let r be (2 + 43)/((-6)/(-4)). Let g = r - 6. Calculate the highest common divisor of g and 36.
12
Let g = -10 + 12. Suppose -g - 1 = -m. Calculate the highest common factor of m and 3.
3
Let f(c) = -c**3 - c + 52. Let p be f(0). Let l = p + -25. What is the highest common divisor of l and 18?
9
Let x be 1/4 + 708/48. Calculate the highest common factor of x and 6.
3
Let d be 8/10*(-135)/(-2). Let i be (-4)/10 - 32/(-5). Suppose 0*n = -n + i. What is the greatest common factor of n and d?
6
Let o be (-2)/8*2*-220. Suppose 15*k + 10 = 16*k. Calculate the greatest common divisor of o and k.
10
Let s be ((-33)/(-9) - 4)/((-3)/126). Calculate the greatest common divisor of s and 238.
14
Suppose 5*y + 20 = 0, 2*q - 3*y + 4*y = 0. Let s = -7 - -13. Calculate the highest common factor of s and q.
2
Let d = 8 - 12. Let i be 171/33 - d/(-22). Suppose 0 = 2*n + 3*n + i*q - 85, n - q = 19. What is the highest common divisor of n and 6?
6
Suppose -30 = -3*o + 18. Suppose g = -g + o. What is the highest common divisor of 64 and g?
8
Let b(h) = -h**2 - 8*h + 2. Let x be b(-8). Let p(c) = 13*c**2. Let k be p(x). Calculate the greatest common divisor of 13 and k.
13
Let a be 10 - (1*-2 - -4). Let n = a - 3. Let t(c) = 2*c + 19. Let r be t(8). Calculate the highest common divisor of r and n.
5
Suppose 5*t - 5*c = 40, 0 = 3*t - 5*c - 33 + 11. What is the greatest common factor of t and 6?
3
Suppose -30 = 5*c - 100. What is the greatest common factor of c and 14?
14
Let f(c) = -17*c - 1. Let t be f(-3). Let b = t + 0. What is the greatest common divisor of 5 and b?
5
Let y = 130 + -98. Calculate the greatest common divisor of y and 8.
8
Let k = 56 + -44. What is the highest common factor of 8 and k?
4
Suppose 2*a + 2*q + 22 = 0, -5*a + 3*q = 82 - 3. Let c = -10 - a. What is the greatest common divisor of c and 4?
4
Let g = -2 + 4. Let v = g + -1. Let i be (v/1)/((-2)/(-22)). What is the greatest common factor of i and 121?
11
Suppose -5*g - 1732 = -3*n - 6*g, 5*n - 2*g - 2872 = 0. What is the highest common divisor of n and 64?
64
Let w = 64 - 24. Let n(z) = -z**3 - z**2 - 2*z - 3. Let k be n(-2). Calculate the highest common factor of w and k.
5
Let i(k) = -k**2 + k - 1. Let r(o) = -8*o**2 + 14*o - 8. Let q(p) = -10*i(p) + r(p). Let j be q(-3). Calculate the greatest common factor of j and 8.
8
Let s(l) = -6*l + 1. Let k be s(-1). Suppose 6*g = k*g - 2. What is the highest common factor of 2 and g?
2
Let c = 14 - -1. Suppose 5*p = -g + 160, 4*p - 47 = -g + 108. What is the highest common divisor of c and g?
15
Let x(c) = -c**3 - 4*c**2 + 2*c + 6. Let p be x(-4). Let o be (-38)/(-6) - p/(-6). Let g = -16 + 22. What is the highest common divisor of o and g?
6
Let g be (-4)/(-6) + (-38)/(-6). What is the greatest common divisor of g and 7?
7
Let k(c) = 153*c - 2. Let t be k(2). Let m = -129 + t. Suppose 0 = 5*f - 2*p - m, -3*f - 104 = -6*f + p. What is the highest common divisor of 3 and f?
3
Suppose 3 = -2*y + 7. Let s(t) = 31*t + 1. Let z be s(y). Suppose -3 - 123 = -3*g. What is the greatest common factor of z and g?
21
Let d be 8/3 + 2/(-3). Suppose -2*f = d*a - 178, 0*f - 4*a - 64 = -f. Calculate the highest common divisor of f and 12.
12
Suppose 4*p - 2*p - 386 = 0. Let h be (-1)/6 - p/(-6). Calculate the highest common divisor of 8 and h.
8
Suppose -32*r - 364 = -39*r. Let t(c) = c**3 + 7*c**2 + 7*c - 2. Let b be t(-5). Calculate the highest common factor of r and b.
13
Suppose -94 = 4*t - 334. Suppose 0 = -z - 2*z + 18. Calculate the highest common divisor of z and t.
6
Suppose 5*w = -n + 33, -47 = -5*n + n - 3*w. Let f = -23 + 43. Calculate the highest common factor of f and n.
4
Suppose 0 = -2*q + 9 + 3. What is the highest common divisor of 54 and q?
6
Let m = 46 - 22. What is the greatest common divisor of 3 and m?
3
Let y(z) = 2*z - 7. Let j be y(6). Suppose -1 = -j*i + 9. Suppose 5*n = -2*g + 40, 5*n = i*n + 4*g + 24. Calculate the greatest common divisor of n and 32.
8
Let m(d) = d**2 + d - 4. Let r be m(-5). What is the greatest common factor of r and 64?
16
Let f(o) = -o**2 + o + 246. Let k be f(0). Let j = k - 134. What is the greatest common divisor of j and 16?
16
Suppose -4*d = 3*m + d + 7, 2*m - 6 = 2*d. What is the greatest common factor of 7 and m?
1
Suppose -40 + 14 = -l - 4*u, 0 = 5*l + u - 92. Suppose y = 1 + 14. Suppose 3*v - 3 = y. What is the highest common divisor of l and v?
6
Let k(x) = 8*x - 2. Let p be k(1). Calculate the highest common factor of 6 and p.
6
Let i = 65 + -38. Suppose 3*r + 4*g - 44 = 0, r - i + 6 = 5*g. What is the highest common divisor of r and 40?
8
Suppose 68 + 112 = 2*y. What is the greatest common divisor of 36 and y?
18
Let v = 29 + 21. What is the greatest common divisor of v and 125?
25
Let f = 4 - -8. Let q(v) = -5*v - 3. Let i be q(-3). Calculate the greatest common factor of i and f.
12
Let r = -28 + 34. What is the greatest common divisor of r and 66?
6
Suppose -36 = -4*p - 5*n, -4*p + 0*p + 2*n = -8. Suppose 32 = -2*d + p*d. Calculate the greatest common factor of 176 and d.
16
Let t(o) = o**3 - 2*o**2 - 2*o + 4. Let c be t(3). Let i = c + -3. What is the greatest common factor of 12 and i?
4
Let t be ((-16)/10)/(22/(-165)). Let y be 40/4 - 2*-1. Suppose -2*w - y = -72. What is the highest common factor of t and w?
6
Let x = -38 - -55. Suppose s - 2*s + 34 = 0. Calculate the greatest common factor of x and s.
17
Suppose -2*b + 3*b - 1 = 0. Let p be 1*1*(b - -12). Suppose 0 = -5*y - u + 720, -5*y + 252 = 2*u - 473. Calculate the greatest common divisor of p and y.
13
Let s be (339/4)/3 + (-39)/156. What is the highest common divisor of s and 98?
14
Let j be 1 - ((-1 - 0) + -208). Suppose 4*l + l = j. Let z(d) = -d**3 + 3*d**2 + 2. Let u be z(2). Calculate the greatest common divisor of u and l.
6
Let o be (-28)/(-12) - (-4)/6. Suppose -o*c + 4 = 1. Let l(t) = t**2 + 4*t + 4. Let z be l(-4). Calculate the greatest common factor of z and c.
1
Let h be 6/9*(-594)/(-4). What is the greatest common divisor of h and 9?
9
Let q(o) be the second derivative of o**3 + 2*o**2 - 7*o. Let y be q(4). What is the greatest common factor of 42 and y?
14
Let s(y) = 13*y**2 + 11*y + 20. Let a be s(-4). What is the highest common divisor of a and 23?
23
Let r = -10 + 22. Let f(p) = p**3 - 12*p**2 + 13*p - 4. Let n be f(r). Calculate the highest common divisor of n and 19.
19
Suppose 0*o + 3*h + 45 = 3*o, 5*o + 3*h - 51 = 0. Suppose -384 = -21*j + 17*j. What is the highest common divisor of o and j?
12
Let r = 58 - 22. Let b be r/10*(-110)/(-4). What is the highest common divisor of 11 and b?
11
Let x(d) = d**3 + 6*d**2 + d - 6. Let n be x(-5). Suppose -2*a + 4 = 2*a. Let o be (a + -2)/((-2)/308). What is the highest common divisor of n and o?
14
Suppose 2*x = -5*j + 6 + 153, -x - 2*j + 78 = 0. 